
5
Calculate the remainder when 3747 is divided by 15.
12
Calculate the remainder when 123 is divided by 22.
13
Calculate the remainder when 2210 is divided by 18.
14
What is the remainder when 604 is divided by 32?
28
What is the remainder when 91 is divided by 16?
11
Calculate the remainder when 1162 is divided by 43.
1
Calculate the remainder when 2987 is divided by 17.
12
What is the remainder when 427 is divided by 115?
82
Calculate the remainder when 509 is divided by 174.
161
Calculate the remainder when 576 is divided by 34.
32
What is the remainder when 259 is divided by 20?
19
Calculate the remainder when 121 is divided by 18.
13
What is the remainder when 7273 is divided by 34?
31
Calculate the remainder when 971 is divided by 65.
61
Calculate the remainder when 1520 is divided by 1504.
16
Calculate the remainder when 77 is divided by 32.
13
What is the remainder when 11619 is divided by 13?
10
What is the remainder when 123 is divided by 56?
11
What is the remainder when 936 is divided by 41?
34
Calculate the remainder when 753 is divided by 346.
61
What is the remainder when 1919 is divided by 32?
31
What is the remainder when 100 is divided by 15?
10
What is the remainder when 1376 is divided by 33?
23
What is the remainder when 183 is divided by 48?
39
Calculate the remainder when 41 is divided by 18.
5
Calculate the remainder when 1271 is divided by 24.
23
Calculate the remainder when 1392 is divided by 45.
42
What is the remainder when 1395 is divided by 155?
0
What is the remainder when 33 is divided by 4?
1
What is the remainder when 139 is divided by 24?
19
Calculate the remainder when 2115 is divided by 88.
3
What is the remainder when 7414 is divided by 2465?
19
What is the remainder when 668 is divided by 550?
118
Calculate the remainder when 110 is divided by 28.
26
What is the remainder when 298 is divided by 75?
73
Calculate the remainder when 383 is divided by 117.
32
Calculate the remainder when 12877 is divided by 94.
93
What is the remainder when 1589 is divided by 10?
9
What is the remainder when 7694 is divided by 43?
40
Calculate the remainder when 628 is divided by 15.
13
Calculate the remainder when 32 is divided by 20.
12
What is the remainder when 69 is divided by 24?
21
What is the remainder when 2563 is divided by 64?
3
What is the remainder when 719 is divided by 60?
59
Calculate the remainder when 224 is divided by 108.
8
What is the remainder when 349 is divided by 13?
11
Calculate the remainder when 1216 is divided by 83.
54
Calculate the remainder when 49 is divided by 36.
13
Calculate the remainder when 47 is divided by 7.
5
What is the remainder when 259 is divided by 9?
7
Calculate the remainder when 493 is divided by 101.
89
What is the remainder when 16 is divided by 4?
0
Calculate the remainder when 479 is divided by 115.
19
What is the remainder when 205 is divided by 54?
43
Calculate the remainder when 202 is divided by 30.
22
What is the remainder when 6405 is divided by 12?
9
What is the remainder when 14013 is divided by 16?
13
What is the remainder when 553 is divided by 41?
20
Calculate the remainder when 16591 is divided by 136.
135
What is the remainder when 165 is divided by 7?
4
Calculate the remainder when 344 is divided by 2.
0
Calculate the remainder when 65 is divided by 25.
15
What is the remainder when 213 is divided by 9?
6
Calculate the remainder when 1661 is divided by 37.
33
What is the remainder when 351 is divided by 71?
67
Calculate the remainder when 274 is divided by 11.
10
Calculate the remainder when 672 is divided by 136.
128
What is the remainder when 1678 is divided by 56?
54
What is the remainder when 49 is divided by 13?
10
Calculate the remainder when 105 is divided by 53.
52
Calculate the remainder when 793 is divided by 42.
37
What is the remainder when 882 is divided by 73?
6
What is the remainder when 139 is divided by 40?
19
What is the remainder when 98047 is divided by 256?
255
Calculate the remainder when 483 is divided by 49.
42
What is the remainder when 336 is divided by 53?
18
Calculate the remainder when 187 is divided by 91.
5
Calculate the remainder when 2190 is divided by 218.
10
Calculate the remainder when 864 is divided by 51.
48
What is the remainder when 8508 is divided by 17?
8
Calculate the remainder when 576 is divided by 6.
0
What is the remainder when 499 is divided by 244?
11
What is the remainder when 95 is divided by 48?
47
Calculate the remainder when 31 is divided by 4.
3
What is the remainder when 8368 is divided by 30?
28
What is the remainder when 77 is divided by 24?
5
What is the remainder when 103 is divided by 3?
1
What is the remainder when 11756 is divided by 98?
94
What is the remainder when 423 is divided by 53?
52
What is the remainder when 10997 is divided by 13?
12
What is the remainder when 1336 is divided by 24?
16
What is the remainder when 39 is divided by 14?
11
Calculate the remainder when 8874 is divided by 71.
70
Calculate the remainder when 24885 is divided by 244.
241
Calculate the remainder when 127 is divided by 79.
48
What is the remainder when 212 is divided by 24?
20
Calculate the remainder when 69 is divided by 31.
7
Calculate the remainder when 90 is divided by 61.
29
Calculate the remainder when 35 is divided by 3.
2
Calculate the remainder when 110 is divided by 29.
23
Calculate the remainder when 44 is divided by 23.
21
Calculate the remainder when 123 is divided by 20.
3
What is the remainder when 387 is divided by 11?
2
Calculate the remainder when 208 is divided by 14.
12
What is the remainder when 16 is divided by 4?
0
What is the remainder when 632 is divided by 93?
74
What is the remainder when 1538 is divided by 220?
218
Calculate the remainder when 409 is divided by 24.
1
Calculate the remainder when 1797 is divided by 31.
30
What is the remainder when 363 is divided by 52?
51
What is the remainder when 1384 is divided by 18?
16
What is the remainder when 173 is divided by 82?
9
What is the remainder when 1064 is divided by 29?
20
What is the remainder when 486 is divided by 77?
24
Calculate the remainder when 221 is divided by 47.
33
What is the remainder when 328 is divided by 27?
4
Calculate the remainder when 222 is divided by 16.
14
What is the remainder when 185 is divided by 42?
17
Calculate the remainder when 518 is divided by 171.
5
What is the remainder when 38707 is divided by 187?
185
Calculate the remainder when 355 is divided by 5.
0
Calculate the remainder when 9669 is divided by 26.
23
Calculate the remainder when 1443 is divided by 91.
78
What is the remainder when 9376 is divided by 3117?
25
Calculate the remainder when 2372 is divided by 581.
48
What is the remainder when 78 is divided by 25?
3
What is the remainder when 214 is divided by 55?
49
What is the remainder when 98 is divided by 70?
28
Calculate the remainder when 1377 is divided by 403.
168
Calculate the remainder when 1713 is divided by 22.
19
What is the remainder when 274 is divided by 73?
55
What is the remainder when 803 is divided by 54?
47
What is the remainder when 4921 is divided by 46?
45
Calculate the remainder when 263 is divided by 53.
51
What is the remainder when 878 is divided by 40?
38
What is the remainder when 289 is divided by 56?
9
Calculate the remainder when 433 is divided by 211.
11
Calculate the remainder when 258 is divided by 10.
8
What is the remainder when 1583 is divided by 93?
2
Calculate the remainder when 3585 is divided by 31.
20
What is the remainder when 60 is divided by 31?
29
What is the remainder when 60 is divided by 4?
0
What is the remainder when 644 is divided by 128?
4
Calculate the remainder when 157 is divided by 18.
13
What is the remainder when 98 is divided by 36?
26
Calculate the remainder when 1478 is divided by 51.
50
Calculate the remainder when 3682 is divided by 27.
10
What is the remainder when 677 is divided by 98?
89
What is the remainder when 186 is divided by 46?
2
Calculate the remainder when 3111 is divided by 100.
11
Calculate the remainder when 1271 is divided by 182.
179
Calculate the remainder when 23002 is divided by 18.
16
Calculate the remainder when 191 is divided by 32.
31
What is the remainder when 1854 is divided by 7?
6
Calculate th